st common divisor of 7175 and 8730540?
1435
What is the greatest common divisor of 248400 and 7370925?
1725
Calculate the highest common divisor of 16999164 and 22932.
3276
Calculate the greatest common divisor of 77028 and 36479177.
6419
Calculate the greatest common divisor of 672049868 and 309.
103
Calculate the greatest common divisor of 3851928 and 837.
27
Calculate the highest common divisor of 108 and 1850573898.
54
Calculate the greatest common divisor of 7914168 and 72.
72
Calculate the highest common divisor of 112392 and 3696.
168
What is the highest common factor of 1794 and 64707510?
138
What is the greatest common divisor of 132 and 17439816?
12
What is the highest common factor of 235536326 and 186?
62
Calculate the highest common divisor of 86 and 56623389.
43
What is the highest common factor of 4269309 and 7887?
33
What is the highest common factor of 4736 and 473785?
37
Calculate the highest common divisor of 540162 and 504.
126
What is the highest common divisor of 2827 and 985567?
11
Calculate the highest common factor of 425487 and 633.
3
What is the greatest common factor of 15680 and 461888?
448
Calculate the greatest common divisor of 11594 and 3735314.
682
What is the highest common divisor of 291459 and 1197?
21
What is the greatest common factor of 2552325 and 5825?
25
What is the greatest common divisor of 55 and 11134855?
5
What is the highest common divisor of 3240 and 13652280?
1080
What is the highest common divisor of 3840 and 64160?
160
What is the highest common divisor of 17582346 and 28998?
162
What is the greatest common divisor of 89349204 and 588?
84
Calculate the highest common factor of 80531 and 99.
11
Calculate the greatest common divisor of 114324418 and 286.
26
Calculate the greatest common divisor of 20 and 831370.
10
Calculate the highest common factor of 265 and 211725.
5
Calculate the highest common factor of 434231 and 67609.
697
Calculate the highest common divisor of 97 and 323105351.
97
What is the highest common divisor of 3487536 and 360594?
5382
What is the highest common divisor of 13250 and 639710?
530
Calculate the highest common divisor of 80391 and 2488323.
633
What is the highest common factor of 30260562 and 774?
258
What is the highest common divisor of 2448508 and 3317458?
3862
What is the greatest common factor of 2115 and 34629345?
45
What is the greatest common factor of 37181375 and 13475?
1925
What is the greatest common factor of 276066 and 2457?
63
What is the greatest common factor of 509047 and 10892?
7
What is the greatest common factor of 1338120 and 480?
120
What is the highest common divisor of 280 and 9293600?
40
Calculate the highest common divisor of 441474972 and 45288.
7548
What is the greatest common factor of 310800 and 93975?
525
Calculate the highest common factor of 2964 and 1101181575.
741
What is the highest common divisor of 279 and 325823919?
93
Calculate the greatest common factor of 15576957 and 11385.
2277
Calculate the greatest common divisor of 25 and 1416633475.
25
Calculate the greatest common divisor of 43472 and 37626004.
988
Calculate the greatest common divisor of 76526911 and 2001.
667
Calculate the highest common factor of 140973060 and 3480.
1740
What is the highest common divisor of 3308 and 5806?
2
What is the greatest common factor of 4398459 and 16211?
377
Calculate the highest common divisor of 1352864 and 355884.
2524
What is the highest common divisor of 2076767 and 25333?
539
Calculate the highest common factor of 22295 and 210665.
455
What is the greatest common divisor of 441 and 55671903?
63
What is the greatest common divisor of 2273796 and 575064?
1764
Calculate the greatest common divisor of 144 and 1718364.
12
Calculate the highest common factor of 1727921 and 7813.
13
Calculate the highest common factor of 199706936 and 1144.
1144
Calculate the highest common factor of 408968 and 19832.
536
What is the greatest common divisor of 113507 and 150079?
223
What is the highest common divisor of 17277499 and 51443?
7349
Calculate the highest common divisor of 243576927 and 99.
99
Calculate the highest common divisor of 41 and 30261731.
41
Calculate the highest common factor of 949 and 299585.
13
What is the greatest common factor of 1368518 and 387?
43
Calculate the highest common factor of 5952013 and 2407.
83
What is the greatest common factor of 20886021 and 117?
117
What is the greatest common factor of 116929104 and 84?
12
Calculate the greatest common divisor of 239659569 and 753.
753
What is the greatest common divisor of 18432 and 35712?
1152
What is the highest common factor of 46398 and 781341?
33
What is the highest common divisor of 2433 and 1872599?
811
Calculate the greatest common divisor of 57189 and 1079958.
33
What is the greatest common divisor of 216 and 7545456?
72
Calculate the highest common factor of 104988 and 27196.
52
What is the greatest common divisor of 12076 and 604?
4
What is the highest common factor of 1235628 and 3456?
108
Calculate the greatest common divisor of 4722 and 162646142.
1574
Calculate the highest common factor of 164 and 169824.
4
What is the greatest common divisor of 3051891 and 2907?
153
What is the highest common divisor of 2492224 and 3136?
448
Calculate the greatest common factor of 4380748 and 86.
2
What is the greatest common divisor of 325279 and 215578?
239
What is the greatest common factor of 2496276 and 27036?
36
What is the highest common divisor of 559 and 342095?
13
Calculate the greatest common divisor of 414558 and 39238.
1706
Calculate the greatest common divisor of 34161 and 68901.
579
Calculate the highest common factor of 45 and 54646227.
9
Calculate the highest common factor of 189 and 2536.
1
What is the highest common divisor of 25998155 and 40?
5
Calculate the highest common divisor of 1180 and 28447204.
236
What is the greatest common factor of 11552 and 17892604?
1444
Calculate the highest common factor of 54026223 and 21548.
5387
Calculate the greatest common factor of 198081 and 4329.
117
Calculate the highest common factor of 1770 and 7776570.
30
What is the highest common factor of 2749 and 216431519?
2749
Calculate the greatest common factor of 9320412 and 1254.
114
What is the greatest common divisor of 1862 and 7845537?
931
What is the greatest common divisor of 3 and 51089937?
3
Calculate the highest common factor of 23391 and 13995.
9
What is the highest common divisor of 331 and 16183914?
331
What is the greatest common divisor of 150819 and 147?
3
What is the highest common divisor of 260 and 21580156?
52
What is the greatest common factor of 2730156 and 2684?
44
Calculate the greatest common divisor of 301 and 8759057.
43
What is the highest common divisor of 25432132 and 96448?
6028
Calculate the greatest common divisor of 137549575 and 636.
53
Calculate the greatest common divisor of 2704 and 295594.
26
What is the greatest common divisor of 1 and 1005101?
1
What is the greatest common divisor of 4071 and 339771?
3
Calculate the greatest common factor of 14800995 and 60.
15
Calculate the greatest common divisor of 103 and 6550.
1
What is the greatest common factor of 9625965 and 20320?
635
Calculate the highest common divisor of 1788 and 1993751418.
894
Calculate the greatest common factor of 837 and 18441.
27
Calculate the greatest common factor of 10 and 97116190.
10
Calculate the greatest common factor of 25382 and 707546.
14
What is the greatest common factor of 37 and 43059971?
37
Calculate the highest common factor of 72 and 12818394.
18
What is the highest common factor of 128660 and 6860?
140
What is the highest common divisor of 38762070 and 30?
30
What is the highest common factor of 2484144 and 5109?
39
What is the greatest common divisor of 34749 and 122552001?
3861
Calculate the greatest common factor of 20 and 73610.
10
Calculate the greatest common divisor of 13803 and 574179.
129
What is the highest common factor of 2951 and 172890237?
2951
What is the greatest common divisor of 78446 and 36841971?
643
Calculate the highest common divisor of 9111108 and 6.
6
What is the greatest common factor of 193942866 and 104?
26
What is the greatest common divisor of 1884256 and 4040?
808
What is the greatest common factor of 1322 